me factors of d(g)?
7, 11
Let z be (10/7)/((-4)/(-28)). Let b = -10 + 13. Suppose -b*w + 103 = z. List the prime factors of w.
31
Suppose 5*a - 40 = -2*q, 0*a - 5*a - 110 = -3*q. Suppose -2*p = -2*d + 30, -p + 2*d - 15 - 2 = 0. Let h = p + q. What are the prime factors of h?
17
Suppose -5*x - j = -3*j + 323, -j - 122 = 2*x. Let t = x - -105. List the prime factors of t.
2, 3, 7
Let c be 1 + 10 - ((-14)/7)/(-2). Suppose c*t = t + 1422. What are the prime factors of t?
2, 79
Let u = -488 - -602. List the prime factors of u.
2, 3, 19
Suppose 6*m - m = 50. Suppose -6*z = -z - m. Let n = z + 26. What are the prime factors of n?
2, 7
Let c = -12 + -11. Let w = c - -38. List the prime factors of w.
3, 5
Suppose 2*k - 1456 = -484. What are the prime factors of k?
2, 3
Let z(y) = y**3 + 10*y**2 + 8*y + 7. Let u be -4 + (-8)/((-10)/(-5)). List the prime factors of z(u).
71
Suppose 31*v - 6555 = 8*v. What are the prime factors of v?
3, 5, 19
Suppose -12*g - 3 = -13*g - f, -5*f - 15 = -5*g. Let x be (-25)/(-9) - (-2)/9. Suppose x*l - 8 = -5*r + 53, -3*r = -g*l + 45. What are the prime factors of l?
17
Suppose -17*a = -20*a + 2385. Suppose -21*y = -1158 - a. What are the prime factors of y?
3, 31
Let v be (-2)/(-12) + 265/30. Let w = 41 - v. What are the prime factors of w?
2
List the prime factors of (-11697)/(-7)*((-9)/3)/(-3).
3, 557
What are the prime factors of (13 + -9)*(3 + (-3470)/(-8))?
1747
Suppose -22*c = -71*c + 82712. List the prime factors of c.
2, 211
Let u(l) = -l**3 - 12*l**2 + 41*l + 6. List the prime factors of u(-16).
2, 11, 17
Let c(j) = -159*j + 706. List the prime factors of c(0).
2, 353
Let z(h) = 7*h**2 + h + 3. What are the prime factors of z(5)?
3, 61
Let q(i) = 3*i**2 + 5*i + 9. Let v(a) = -a**2 - 2*a - 4. Let g(f) = 2*q(f) + 5*v(f). Let j be g(-2). Suppose -11 = j*c - 3*c. List the prime factors of c.
11
Let w(c) = -6*c**3 + c - 10*c**3 - 1 + 2. List the prime factors of w(-1).
2
Suppose 0 = -4*r - 4 + 4. Suppose -249 = -b - 4*w - 43, r = -w + 5. List the prime factors of b.
2, 3, 31
Suppose 3*j - 3444 = -3*b, 0*j + 4592 = 4*j - b. What are the prime factors of j?
2, 7, 41
List the prime factors of 1675 - (-1 + (-30)/(-6) + -4).
5, 67
Let o = 15 - 29. Let f be (8/(-7))/(4/o). Suppose -2*a + 5*a - 5*d = -8, 3*a + f = 4*d. List the prime factors of a.
2
Suppose q - 6*n + n = 73, 3*n = -q + 89. Let r = -41 + 90. Let v = q - r. List the prime factors of v.
2, 17
Let o(f) = f**3 - 6*f**2 + 5*f - 5. Let m = -3 - -8. Let l be o(m). Let q(w) = 2*w**2 + 2*w + 10. List the prime factors of q(l).
2, 5
Let l(g) = -g**2 + 19*g + 28. Let r be l(14). Let q = r - 70. List the prime factors of q.
2, 7
Suppose -66 - 39 = -5*z. Suppose -2*m + 50 = -0*m. Let u = m - z. What are the prime factors of u?
2
Let r(p) = -81*p + 6. Let m(f) = 16*f - 5. Let v(o) = 32*o - 11. Let j(x) = -9*m(x) + 4*v(x). Let z(n) = 22*j(n) - 4*r(n). What are the prime factors of z(-2)?
2, 3
Suppose f - 6 = 8. Let k = -11 + f. Suppose k*i - 4*i = -18. What are the prime factors of i?
2, 3
Let y(a) = 81*a + 2. Let r be 8/(-12)*3/4*-2. List the prime factors of y(r).
83
Suppose 4*i = -8, 0 = s - 5*i + 164 - 535. List the prime factors of s.
19
Suppose 0 = 5*j - 229 - 141. Let r = -48 + j. What are the prime factors of r?
2, 13
Suppose 4*k = k. Suppose -87 = -v + 3*t, -v - 2*t = -k*v - 72. Suppose -2*u + v = 4*i, -i + u + 9 = -3. List the prime factors of i.
17
Suppose 3*z + 24000 = 35*z. List the prime factors of z.
2, 3, 5
Let w = 47 + 3621. List the prime factors of w.
2, 7, 131
Let f(n) = 5*n**2 + 14*n - 24. Let z(q) = q**2 - 2. Let x(o) = f(o) - 6*z(o). Let b be ((-1)/3)/(2/(-42)). What are the prime factors of x(b)?
37
Let n(p) = 23*p**3 + 3*p**2 - 4*p. What are the prime factors of n(5)?
2, 5, 293
Suppose -u + 8 = -2*i, 4*u - 4*i - 27 - 5 = 0. Suppose u*s = 18*s - 970. List the prime factors of s.
97
What are the prime factors of 2586/9*(-18)/(-12)?
431
Let s be (-12)/10*(-12650)/33. Suppose f - 393 = -3*f + q, 5*f + 5*q - s = 0. List the prime factors of f.
97
Let k be (-11)/(-55) - 1/5. Suppose 0*i + 2*i + 2*o - 2 = 0, 2*i + 3*o = k. Suppose 2 = p + 4*v, -5*p + i*v = -p - 8. List the prime factors of p.
2
Let h(g) = -3*g - 1. Let b be h(-2). Suppose 0 = b*v - 5 - 15. Suppose 4*x = 3*q - q - 74, -v*q = 2*x - 198. List the prime factors of q.
47
Let n be -1*(4*1 + 1). Let s(j) be the first derivative of j**4/4 + 8*j**3/3 + 5*j**2/2 - 11*j + 96. What are the prime factors of s(n)?
3, 13
Let d = 17 + 75. Suppose -d = p - 5*p. What are the prime factors of p?
23
Suppose -3*x + 1 = -2. Let r = x - -9. What are the prime factors of r?
2, 5
Let g = -13 + 16. Suppose 2 = -2*z - 8, 0 = -3*s + g*z + 21. Suppose 5*h = -s*v + 78, 0*h + 165 = 5*v + 5*h. What are the prime factors of v?
29
Suppose 3*m - 54 = -5*j + 4*j, 5*m - 5*j = 90. Suppose -4*v = m - 6. Let c(d) = -2*d + 3. List the prime factors of c(v).
3
Suppose 151 = q + 3*g, -3*g + 0*g = -6. Suppose 4*d = -2*h + 278, d - q = -2*h + 121. What are the prime factors of h?
131
Suppose 38*v - 35*v = 192. What are the prime factors of v?
2
Let y = -1571 + 606. List the prime factors of 1/(((-25)/y)/5).
193
What are the prime factors of 20/4*262*(-2)/(-4)?
5, 131
Suppose -13 = -2*t + 3*t - 3*j, -2*j = t - 12. Suppose 5*r = t*d + 383, 3*r - 118 - 115 = -2*d. List the prime factors of r.
7, 11
Let t be ((-20)/6)/((-4)/138). Suppose 235 = 5*b - t. What are the prime factors of b?
2, 5, 7
Let p(l) = 29*l**2 - l + 2. Let g be (-36)/(-6) - (-4)/(-1). What are the prime factors of p(g)?
2, 29
Suppose 2*r + 6*j - 24 = j, 0 = r - j + 2. What are the prime factors of r*(-3 - 2)*-17?
2, 5, 17
Let n be (-28)/13 - (270/(-65) - -4). What are the prime factors of (3/(-3))/(0 - n/(-192))?
2, 3
Let a(o) = -3*o**2 + 22*o + 6. Let n be a(7). Suppose 0 = -0*x - 3*x - t + 114, -5*x - 4*t = -190. Let j = x + n. What are the prime factors of j?
3, 17
Let g = -1777 - -3016. What are the prime factors of g?
3, 7, 59
Let u(s) = s**3 - 31*s**2 - 19*s - 53. What are the prime factors of u(32)?
3, 11
What are the prime factors of (-14)/91 + (-3 - (-140540)/65)?
17, 127
Let r be (5/2)/(5/10). Suppose 54 = r*d - 131. What are the prime factors of d?
37
Let z(q) = -q**3 - 6*q**2 - 8*q - 14. Let v be z(-5). What are the prime factors of 23 - (v + (2 - 0))?
2, 5
Suppose 25*r - 8683 = -2733. What are the prime factors of r?
2, 7, 17
Let x = 1116 + 812. List the prime factors of x.
2, 241
Let u(m) = m + 9. Let z be u(-2). List the prime factors of ((-26)/(-3) - z)/(2/234).
3, 5, 13
Let c = 26 + -16. Suppose -7*v - 165 = -c*v. What are the prime factors of v?
5, 11
Let g = -16 + 16. What are the prime factors of (g + -1)*1 - (-51 - 5)?
5, 11
Let f(w) = -w**2 + 5*w + 2. Let n be f(5). Suppose -v - 46 = -2*x, n*x = -v - 2*v + 38. What are the prime factors of x?
2, 11
Let o = 1268 + 456. What are the prime factors of o?
2, 431
Let f be -1001 + -1 + -1 - -3. Let v be f/(-15) + 4/12. Let t = v - 41. List the prime factors of t.
2, 13
Suppose -11*v + 14722 = -16903. What are the prime factors of v?
5, 23
Suppose -w = -5*j - 0 - 21, w - 9 = 2*j. Suppose 0 = -5*i + 23 - 133. List the prime factors of (-1544)/i + j/22.
2, 5, 7
Suppose 27*z + 8955 = 5*w + 31*z, -3*z = -w + 1791. List the prime factors of w.
3, 199
Suppose -a + 127 = -31. Let i = a - 90. List the prime factors of i.
2, 17
Suppose 3*x = 12, 2*x + 24 = -5*p + p. Let b(s) = s + 17. Let v be b(p). What are the prime factors of 1*-33*(-6)/v?
2, 11
Let m be (-4)/(-7) - 33/21. Let n = 1 + m. Suppose 4*s - y - 81 = -n*y, 0 = -5*y - 25. List the prime factors of s.
19
Let j = 29 + -30. Let f be ((-4)/j)/((-2)/(-96)). Suppose 7*z - 3*z = f. What are the prime factors of z?
2, 3
Suppose 0 = 136*a - 111*a - 69950. What are the prime factors of a?
2, 1399
Let s be (-1 + 0)*0/(-3). Suppose -61 = -5*m - 4*o, 4*m - 56 = -s*m - 5*o. What are the prime factors of m?
3
Suppose -2*x - 20 = -7*x. Suppose x*b - 5*d = -0*b + 99, -5*d = 15. Suppose -96 = -4*i + 5*s, -i + 3*s - s + b = 0. List the prime factors of i.
29
Let j(a) = a**3 - 50*a**2 - 2*a - 2 + 55*a**2 + 8. Let p be j(-5). Suppose -2*n + p = -0*z + 4*z, 2*n - 8 = 0. List the prime factors of z.
2
Suppose -p = -0*p - l - 259, 0 = 4*p + l - 1031. List the prime factors